e n(-45). Calculate the highest common factor of u and 3380.
20
Let t(c) = 2*c**3 - 138*c**2 - 120*c - 392. Let m be t(70). What is the highest common divisor of 1638 and m?
126
Suppose 2*z = 6*a + 8718, 2*z + 983 - 9707 = 3*a. Calculate the highest common divisor of 135 and z.
45
Let w be (166/1)/((-4)/10). Let y(u) = -11*u - 860. Let i be y(-65). Let n = i - w. What is the greatest common divisor of n and 30?
30
Suppose -82143 = -44*i + 37185. Suppose 3*g + 5*r - 2050 = 0, -6*r = 4*g - 10*r - i. Calculate the highest common factor of 85 and g.
85
Let l = 45 - -27. Suppose -4*m + 132 = 2*u, -u + 5*m = -2*u + 57. What is the highest common divisor of l and u?
72
Let p = 932 + -95. What is the highest common divisor of 186 and p?
93
Let n(g) = g**3 - 14*g**2 - 49*g - 27. Let d be n(16). Let l = d + 371. What is the greatest common divisor of l and 18?
18
Let h(c) = -48*c + 10. Let v(y) = -y**3 + 5*y - 4. Let l be v(2). Let x be h(l). Let w = -71 + x. What is the greatest common divisor of 28 and w?
7
Suppose r = -8, -56 = 800*y - 803*y - 5*r. What is the highest common divisor of y and 6928?
16
Suppose -85 - 310 = 5*u. Let a = -54 - u. What is the highest common factor of 25 and a?
25
Let z be 4/6 - 246994/(-309). What is the highest common factor of 640 and z?
160
Suppose 0 = 4*m + v - 26, -7 = -5*m + 5*v + 13. Let t be 20 + -4 + m + 4 + -2. Suppose x = -x + 4. What is the highest common divisor of x and t?
2
Let w = -11214 - -11242. What is the greatest common divisor of w and 13636?
28
Let t(w) = -w**3 - w**2 + 1671. Let b be t(0). Calculate the highest common factor of b and 3.
3
Let a(j) = 20*j**2 + 9*j + 37. Suppose 14*k - 23*k = 27. Let r be a(k). Calculate the greatest common divisor of 38 and r.
38
Suppose -47*y - 33*y + 1888 = 38*y. Let w(p) = -p**2 - 9*p - 6. Let h be w(-6). Calculate the highest common factor of h and y.
4
Let t be (-27)/((-123)/(-24) - 5). Let d = t - -515. Calculate the highest common divisor of 23 and d.
23
Let r be 1264/(-40)*(3 + -153). Calculate the highest common divisor of r and 120.
60
Let y = -60 + 1914. What is the highest common divisor of 90 and y?
18
Let x = -11992 - -12122. Calculate the greatest common divisor of x and 1742.
26
Let m = -274 - -297. Suppose -4*s = -87 + m. Calculate the greatest common divisor of 432 and s.
16
Let j be (6/(-4))/((-3)/88). Let r = 73 - j. Let q(i) = 5*i**2 - 33*i + 163. Let p be q(6). Calculate the highest common factor of p and r.
29
Suppose -8*x + 290 = 2*x. Suppose 5*f = -l + x, -f - 28 = -5*f + 4*l. Let g be f*(-4)/48*-10. Calculate the highest common factor of 20 and g.
5
Suppose 4*p = -h + 85015, -7*p = -10*p - 3*h + 63750. Calculate the greatest common divisor of p and 195.
195
Suppose 3*l + 1024*h - 1027*h = 120, -3*l - 4*h + 92 = 0. Calculate the highest common factor of 93 and l.
3
Let x be -20*(-4 + 7 - 17/5). Let t be 35/10*(6 + -2). Calculate the highest common factor of x and t.
2
Let h(z) = 63*z**2 + 32*z - 84. Let q be h(3). Let p = q + -487. Calculate the greatest common divisor of 46 and p.
46
Let x = -645 - -823. What is the highest common factor of 10 and x?
2
Let u = 2556 + -2545. Calculate the highest common divisor of 187 and u.
11
Let p(q) = -q**3 - 2*q**2 + 2*q + 6. Let n = -70 + 84. Let i be 2/(n/(-35) + (-1)/10). Let j be p(i). Calculate the highest common factor of j and 45.
15
Let f(p) = -29*p - 14. Let g be f(2). Let m be (-11)/(-2)*g/(-198). What is the greatest common divisor of m and 146?
2
Let b be (-4)/4 + 2 - (-2830)/5. Calculate the greatest common divisor of 1197 and b.
63
Let y(m) = -m - 4. Let a be y(-9). Let q = -118 - -125. Suppose 3*z - 21 = 3*b, -3*z + 4*b - q*b = -9. Calculate the highest common divisor of z and a.
5
Let l = -68 - -121. Suppose -50 = -4*w + 2282. Calculate the greatest common factor of w and l.
53
Let w be ((-364)/(-112))/(1*5/3780). Calculate the highest common divisor of w and 441.
63
Suppose -383 - 5448 = 27*q - 65609. Calculate the highest common divisor of q and 36.
18
Suppose -9*x = -8*x + 1, -175 = -4*p - 5*x. What is the highest common factor of 40 and p?
5
Let o be (-2)/(-9) + (-240)/(-135). Let f = -728 - -744. What is the greatest common factor of f and o?
2
Suppose -65 - 7 = -4*n + 2*k, n + 3*k - 39 = 0. Suppose -2*w = w + 9. Let p = 6 + w. Calculate the highest common factor of p and n.
3
Suppose 4*o = -2*p - o - 647, 2*p = 2*o - 640. Let b = p + 505. What is the greatest common divisor of 23 and b?
23
Let j(h) be the second derivative of -5*h**2 + 0 - 1/6*h**3 - 3*h. Let n be j(-12). What is the highest common factor of n and 16?
2
Let t = 34913 - 34908. Suppose 115 = -h + 2*h. What is the highest common factor of h and t?
5
Let w(r) = -r**3 - 3*r**2 + 24*r - 16. Let t = -19 + 12. Let p be w(t). Calculate the highest common factor of p and 4.
4
Let p = 830 - 557. What is the greatest common divisor of 147 and p?
21
Suppose 9*n + 0 = 18. Let k(h) = -h + 10. Let q be k(13). Let c be (1/(-1))/q*27. Calculate the greatest common factor of c and n.
1
Suppose -3*o + 2 + 25 = 0. Suppose 1690 = o*b + 4*b. Suppose -b = -11*n + 6*n. Calculate the highest common divisor of 78 and n.
26
Suppose -15*t + 12*t = -3. Let h be -2*(t*28/(-8) - -2). Let j be ((-33)/55)/(1/(-5)). Calculate the highest common divisor of j and h.
3
Suppose 10*f - 1584 + 484 = 0. Let r be -2 - 48/((-2)/1). Calculate the greatest common factor of f and r.
22
Suppose -n = s - 70764, -34*s - 141508 = -2*n - 31*s. Calculate the greatest common divisor of n and 116.
116
Let p(k) = -k**3 + 17*k**2 + 251*k - 57. Let x be p(26). What is the greatest common factor of 33 and x?
11
Let h be 616/21*(-2 + -7). Let s = 424 + h. What is the highest common divisor of 5 and s?
5
Let o = -374 - -416. Let r(t) = -11*t - 5. Let f be r(-3). Calculate the highest common divisor of f and o.
14
Let k = 2115 + -2113. What is the greatest common factor of 50 and k?
2
Let k be 12*712/304 - (-4)/(-38). Calculate the greatest common divisor of k and 20.
4
Suppose 44*g = 17*g + 135. Suppose -36 - 3 = -2*k - w, -k + g*w + 3 = 0. What is the greatest common divisor of k and 10?
2
Suppose 11*v - 12*v - 384 = 0. Let q = 724 + v. Calculate the highest common factor of q and 20.
20
Let v = 7 + -4. Suppose m - 662*o - 7 = -660*o, 5*m - 4*o - 23 = 0. Calculate the greatest common divisor of v and m.
3
Let z(k) = -k + 4. Let w be z(1). Suppose w*f - 10*f - 28 = 0. Let m be ((-16)/(-20))/(f/(-90)). What is the greatest common divisor of 45 and m?
9
Let w be 22 - -12*(-8)/16. Suppose w*y - 120 = 10*y. Calculate the highest common factor of y and 160.
20
Let d(c) = 6*c**3 + 2*c**2 - 5*c + 3. Let l be d(1). Suppose -8*t = l - 94. Calculate the highest common divisor of 110 and t.
11
Suppose -1393*a + 1392*a - 3*f + 25 = 0, 3*f - 185 = -5*a. What is the highest common divisor of a and 70?
10
Let f = 3049 - 2257. What is the greatest common factor of f and 306?
18
Let l = 32981 + -32901. Suppose 0*w - 3*w + 87 = 0. Suppose 11 = 4*f - w. Calculate the greatest common divisor of f and l.
10
Let o be 40*5/(-30)*-3. Suppose -o = 2*v - 140. Suppose w + v = 185. Calculate the highest common factor of 50 and w.
25
Suppose 2*t - 2 = 110. Let p(m) = 20*m + 364. Let f be p(-14). Calculate the greatest common divisor of f and t.
28
Suppose -559 = -61*n + 10421. Suppose 0*s = 5*b + 2*s - 206, 0 = -3*b - 5*s + 135. What is the greatest common factor of b and n?
20
Suppose -p - 323 = -v + 5*v, 5*p - 107 = v. Let s = v + 94. Let n be ((-117)/(-6))/(-3)*-24. What is the highest common factor of n and s?
12
Let v be ((-2)/(-3))/((2 + -3)/(-3)). Suppose -v*x + 7*x - 65 = 0. Let t(f) = 4*f - 4. Let z be t(x). Calculate the greatest common divisor of z and 6.
6
Let o be (8*(-4)/(-48))/((-2)/(-243)). Calculate the greatest common divisor of 891 and o.
81
Suppose 6*j - 4*j - 2*u - 236 = 0, -2*j + 237 = -3*u. Let x = -9989 - -10158. What is the greatest common factor of x and j?
13
Let a be (372/(-62))/(-2 + 5 + -1). Let q(o) = 6*o**2 - 6*o - 6. Let p be q(a). Calculate the greatest common factor of p and 30.
6
Let v be 33/(-9)*-3 + (-20)/(40/6). What is the highest common factor of 82 and v?
2
Suppose m - 67 = -18 + 7. What is the greatest common divisor of m and 3346?
14
Let t(j) = -2*j + 9. L